 is 2010 - -12110002220?
12110012000
In base 12, what is 342896869 + 3?
342896870
In base 3, what is 12 - 10012101021002?
-10012101020220
In base 7, what is 3 - -103311420?
103311423
In base 16, what is -28d - -ee57?
ebca
In base 2, what is -1111010010000110001 + 11010?
-1111010010000010111
In base 7, what is 126506362 + 5?
126506400
In base 7, what is -6453 - 36126?
-45612
In base 11, what is -14a943a7a + 5?
-14a943a75
In base 3, what is -22 + -12201121122?
-12201121221
In base 11, what is 17 - a65?
-a49
In base 7, what is -36033 - 303?
-36336
In base 3, what is -10010102120111 - 100101?
-10010102220212
In base 3, what is 10202111220220112 + -1?
10202111220220111
In base 14, what is -1581d5 + -326?
-15851b
In base 4, what is -11202312220 + -2?
-11202312222
In base 12, what is -3 - 9993b0?
-9993b3
In base 4, what is 11 - 100132233302?
-100132233231
In base 12, what is 15b1 - 2a74?
-1483
In base 9, what is 775811328 + -2?
775811326
In base 13, what is -7741971 - -8?
-7741966
In base 4, what is 102303 - 23112330?
-23010021
In base 10, what is -39848 - -459?
-39389
In base 15, what is 1a + -922238?
-92221d
In base 4, what is -12321130 - -103310?
-12211220
In base 16, what is -843b4 - -d5?
-842df
In base 8, what is -21465062 - -13?
-21465047
In base 16, what is 21b1a0c - -5?
21b1a11
In base 5, what is 10340311 + 43312?
10434123
In base 7, what is 626545604 - -4?
626545611
In base 15, what is -32b3 - -d2?
-31d1
In base 14, what is -3 + -dd1d792?
-dd1d795
In base 12, what is -14 - 13b191b?
-13b1933
In base 5, what is -134030044 - -21?
-134030023
In base 13, what is 86 - -3ca?
483
In base 5, what is -1221341323 + 221?
-1221341102
In base 5, what is -1303 + -1130122231?
-1130124034
In base 9, what is 187 + -12557?
-12360
In base 10, what is 30889004 + -4?
30889000
In base 10, what is -2322584 - 3?
-2322587
In base 16, what is -2 - -4b89cc7?
4b89cc5
In base 9, what is -3431 + -2057?
-5488
In base 2, what is 110001110101110110 + -1001101101?
110001101100001001
In base 4, what is -32223 + 210131232?
210033003
In base 11, what is 5937 - 233?
5704
In base 5, what is -202130 + 2403031?
2200401
In base 12, what is -10917 - 3703?
-1441a
In base 9, what is -3 + -458365402?
-458365405
In base 12, what is -383426 + 83?
-383363
In base 12, what is -34 - -36273?
3623b
In base 4, what is -330122212 - 1302?
-330130120
In base 15, what is -3a89 - -1391?
-26e8
In base 5, what is 21 + -1100441?
-1100420
In base 7, what is 3 - -246320525?
246320531
In base 4, what is 1 - -2132211110232?
2132211110233
In base 5, what is 40 + 11333323104?
11333323144
In base 9, what is 824 - 245327?
-244403
In base 2, what is 100 - 1111110111010111010111001?
-1111110111010111010110101
In base 15, what is -a + 22ee9?
22ede
In base 10, what is 193 + 123000?
123193
In base 11, what is -28a84 - 642?
-29616
In base 2, what is -10100010110 - 1101000?
-10101111110
In base 16, what is c6a40f - 3?
c6a40c
In base 3, what is 2102 - 100010122211021?
-100010122201212
In base 4, what is 332022300 + 211300?
332300200
In base 13, what is 2b + -5a975b?
-5a9730
In base 2, what is 110 - 110011100110111?
-110011100110001
In base 13, what is 203c - -434?
2473
In base 15, what is -2 + 6e5d2?
6e5d0
In base 4, what is 3 - -32212303111?
32212303120
In base 3, what is 10001 + -110102011202?
-110102001201
In base 11, what is 3 - -445653a?
4456542
In base 8, what is -35625071 + -30?
-35625121
In base 14, what is -1070b - -1432?
-d2b9
In base 8, what is -4 - -4742211?
4742205
In base 15, what is 28a2d8 - -a?
28a2e3
In base 4, what is 131021 + 102220?
233301
In base 5, what is 3012 + 2422124?
2430141
In base 12, what is 4a38782 - 11?
4a38771
In base 13, what is 10c59 + 852?
117ab
In base 8, what is -544636 + -5?
-544643
In base 13, what is -2a + -3165937?
-3165964
In base 7, what is -2146 + -5016615?
-5022064
In base 3, what is 1022221 - 20202011122?
-20200211201
In base 5, what is 3344104022 + -142?
3344103330
In base 15, what is 5 + -97b2b31?
-97b2b2b
In base 16, what is 55e09 - -286?
5608f
In base 12, what is -314b0ab2 - -1?
-314b0ab1
In base 4, what is -231123 - -2221?
-222302
In base 11, what is -4 + -10770057?
-10770060
In base 9, what is -51042 + -11?
-51053
In base 16, what is 4 + -4afa2c6?
-4afa2c2
In base 10, what is 452781 - -9?
452790
In base 8, what is -10 - 45701430?
-45701440
In base 7, what is 3023500 + -1?
3023466
In base 2, what is -11111 - -11110011101011100111000?
11110011101011100011001
In base 6, what is 30513453440 - -2?
30513453442
In base 8, what is 106202664 - 0?
106202664
In base 13, what is -12262 - -2188?
-100a7
In base 7, what is -265005454 - -13?
-265005441
In base 9, what is 6 - -43631764?
43631771
In base 13, what is 1 - 288ca2?
-288ca1
In base 7, what is -13563 - 3253?
-20146
In base 13, what is b555 - 2c274?
-20a1c
In base 7, what is -34412531 + 12?
-34412516
In base 10, what is 4 + -3451756?
-3451752
In base 10, what is 429735 + -2?
429733
In base 3, what is 22222212102 + 210210?
100000200012
In base 15, what is -29ca0 + -124?
-29dc4
In base 5, what is -1 + 13121424232?
13121424231
In base 14, what is 57c276 + -2?
57c274
In base 13, what is -9b - -c08787?
c086b9
In base 7, what is 3632 + 6415555?
6422520
In base 16, what is 459 - -33e5?
383e
In base 13, what is -2 + 2b888a23?
2b888a21
In base 3, what is -10101 + 20121011011121?
20121011001020
In base 15, what is 66a - -429c?
4917
In base 12, what is -a429 + -18b?
-a5b8
In base 14, what is -15 - 131575?
-13158a
In base 5, what is 2040 - 244331004?
-244323414
In base 15, what is 7 + 2111cd?
2111d5
In base 13, what is 4 + -205338?
-205334
In base 10, what is 1314 - -8664?
9978
In base 16, what is -348 - 9bb?
-d03
In base 13, what is 2097 - -19693?
1b75a
In base 4, what is 2211020132 + -323?
2211013203
In base 13, what is 973 - 40745?
-3caa2
In base 8, what is -3 + -104153127?
-104153132
In base 3, what is 11 - 1221122111101200?
-1221122111101112
In base 10, what is 1 - 4659607?
-4659606
In base 15, what is d3 - 49d3?
-4900
In base 3, what is 101202 + -1202020220?
-1201212011
In base 2, what is -1011010101011011 - 1000011000011?
-1100011000011110
In base 9, what is 2358 - 430?
1828
In base 7, what is 120446222 - 2?
120446220
In base 13, what is 4357 - -13598?
17922
In base 10, what is 114 - 651838?
-651724
In base 5, what is -213003023 + -20?
-213003043
In base 8, what is 163211 + -21656?
141333
In base 11, what is 1051a2835 - 1?
1051a2834
In base 10, what is 2067289794 + -2?
2067289792
In base 2, what is 1100110011001010101000 - -101010?
1100110011001011010010
In base 12, what is -259b + 5657?
3078
In base 13, what is 484 + 7b16a?
7b621
In base 15, what is 248c7 + 1497?
25d6e
In base 13, what is 13 + -3a3a429?
-3a3a416
In base 3, what is -222002100101 - -11120102?
-221220202222
In base 13, what is 3 - -5561502?
5561505
In base 13, what is -8543262b + 2?
-85432629
In base 15, what is -32744 + -d6?
-3282a
In base 3, what is 1120212 - -102122210?
111020122
In base 13, what is 1571a - 304?
15416
In base 16, what is 23b1cc - 29?
23b1a3
In base 13, what is -999 - 1c4321?
-1c4cba
In base 11, what is -669a55 + 14?
-669a41
In base 7, what is 0 + 143530161?
143530161
In base 13, what is -1107 - aa44?
-bb4b
In base 11, what is 311a - -6aaa8?
73117
In base 8, what is 163 + 3730270?
3730453
In base 8, what is 575 - -303070?
303665
In base 5, what is 2403422323 - 2?
2403422321
In base 7, what is -10032464 - -2?
-10032462
In base 6, what is -3405150110 + 0?
-3405150110
In base 16, what is -2da - -2d56c?
2d292
In base 15, what is -5d57dc + -19?
-5d5806
In base 13, what is 12 + -47b7939?
-47b7927
In base 3, what is -121 - -10000211101?
10000210210
In base 6, what is 1141551 + -5?
1141542
In base 4, what is -211321 + 100132?
-111123
In base 10, what is 2765232993 - 4?
2765232989
In base 2, what is 11 - -1001011101010110101010?
1001011101010110101101
In base 12, what is -8a2546b - 1?
-8a25470
In base 13, what is -c - -411244?
411235
In base 3, what is -201000020 - 101011?
-201101101
In base 8, what is 1 + -3141524?
-3141523
In base 13, what is -915828 + 2?
-915826
In base 10, what is 44348978 - 7?
44348971
In base 7, what is -312 + -4645?
-5260
In base 12, what is -18b55 + -4b0a?
-21a63
In base 5, what is 21 - 24130340?
-24130314
In base 6, what is 